t is the remainder when 3195985 is divided by 378?
373
Calculate the remainder when 41762 is divided by 1545.
47
What is the remainder when 24640 is divided by 6152?
32
Calculate the remainder when 25833 is divided by 12.
9
Calculate the remainder when 3585 is divided by 12.
9
What is the remainder when 101810 is divided by 2751?
23
Calculate the remainder when 2015 is divided by 165.
35
What is the remainder when 13256 is divided by 251?
204
Calculate the remainder when 108881 is divided by 18138.
53
What is the remainder when 1408 is divided by 92?
28
What is the remainder when 13824 is divided by 576?
0
Calculate the remainder when 242474 is divided by 668.
658
What is the remainder when 9307 is divided by 35?
32
Calculate the remainder when 3742 is divided by 891.
178
Calculate the remainder when 2365 is divided by 219.
175
What is the remainder when 148683 is divided by 4505?
18
Calculate the remainder when 643 is divided by 127.
8
What is the remainder when 49907 is divided by 29?
27
Calculate the remainder when 8055 is divided by 678.
597
What is the remainder when 20060 is divided by 223?
213
Calculate the remainder when 146594 is divided by 325.
19
What is the remainder when 178098 is divided by 242?
228
Calculate the remainder when 710540 is divided by 426.
398
Calculate the remainder when 76064 is divided by 4753.
16
What is the remainder when 19479 is divided by 972?
39
What is the remainder when 80386 is divided by 21?
19
Calculate the remainder when 1926 is divided by 1920.
6
What is the remainder when 46825 is divided by 571?
3
Calculate the remainder when 20210 is divided by 166.
124
What is the remainder when 1220 is divided by 837?
383
What is the remainder when 27921 is divided by 14?
5
What is the remainder when 61679 is divided by 12331?
24
What is the remainder when 2285 is divided by 656?
317
What is the remainder when 189079 is divided by 311?
302
What is the remainder when 4444 is divided by 4045?
399
What is the remainder when 3258 is divided by 218?
206
What is the remainder when 10966 is divided by 439?
430
Calculate the remainder when 45387 is divided by 2834.
43
What is the remainder when 706945 is divided by 106?
31
Calculate the remainder when 23571 is divided by 1962.
27
What is the remainder when 203173 is divided by 267?
253
Calculate the remainder when 1343 is divided by 1295.
48
What is the remainder when 197972 is divided by 584?
580
Calculate the remainder when 12004 is divided by 101.
86
Calculate the remainder when 614274 is divided by 71.
53
What is the remainder when 7750 is divided by 425?
100
What is the remainder when 1573 is divided by 779?
15
What is the remainder when 22457 is divided by 91?
71
Calculate the remainder when 93827 is divided by 31.
21
What is the remainder when 208401 is divided by 208341?
60
Calculate the remainder when 17669 is divided by 184.
5
What is the remainder when 374124 is divided by 837?
822
What is the remainder when 11289 is divided by 868?
5
Calculate the remainder when 120872 is divided by 60.
32
Calculate the remainder when 11522 is divided by 11509.
13
What is the remainder when 1262370 is divided by 21?
18
What is the remainder when 1660 is divided by 412?
12
Calculate the remainder when 1415 is divided by 703.
9
Calculate the remainder when 1475641 is divided by 27.
10
What is the remainder when 4506 is divided by 77?
40
Calculate the remainder when 30770 is divided by 3055.
220
Calculate the remainder when 4988 is divided by 1032.
860
Calculate the remainder when 655 is divided by 126.
25
Calculate the remainder when 4251 is divided by 74.
33
Calculate the remainder when 13842 is divided by 355.
352
Calculate the remainder when 90631 is divided by 27.
19
Calculate the remainder when 87044 is divided by 186.
182
Calculate the remainder when 322591 is divided by 91.
87
What is the remainder when 8782 is divided by 520?
462
What is the remainder when 3313 is divided by 194?
15
Calculate the remainder when 15548 is divided by 96.
92
Calculate the remainder when 175017 is divided by 58329.
30
What is the remainder when 9029156 is divided by 1103?
1101
What is the remainder when 176706 is divided by 88322?
62
Calculate the remainder when 158468 is divided by 18.
14
What is the remainder when 9333 is divided by 270?
153
What is the remainder when 8515 is divided by 1691?
60
Calculate the remainder when 24333 is divided by 6025.
233
Calculate the remainder when 7202 is divided by 290.
242
What is the remainder when 6836 is divided by 274?
260
What is the remainder when 312225 is divided by 6787?
23
What is the remainder when 110988 is divided by 94?
68
What is the remainder when 3090074 is divided by 283?
280
What is the remainder when 7984 is divided by 3992?
0
What is the remainder when 105534 is divided by 1005?
9
What is the remainder when 6297 is divided by 748?
313
What is the remainder when 549220 is divided by 75?
70
Calculate the remainder when 400378 is divided by 396.
22
What is the remainder when 6047 is divided by 2014?
5
What is the remainder when 946815 is divided by 43?
41
What is the remainder when 7531 is divided by 1909?
1804
Calculate the remainder when 15639 is divided by 137.
21
Calculate the remainder when 9452 is divided by 685.
547
Calculate the remainder when 1003 is divided by 350.
303
Calculate the remainder when 23440 is divided by 7726.
262
Calculate the remainder when 12223 is divided by 306.
289
What is the remainder when 52152 is divided by 183?
180
What is the remainder when 14017 is divided by 3493?
45
Calculate the remainder when 965 is divided by 276.
137
Calculate the remainder when 64842 is divided by 10778.
174
Calculate the remainder when 4610 is divided by 768.
2
What is the remainder when 1138 is divided by 76?
74
Calculate the remainder when 4291 is divided by 233.
97
What is the remainder when 5555 is divided by 127?
94
Calculate the remainder when 370870 is divided by 123621.
7
What is the remainder when 888158 is divided by 104?
102
What is the remainder when 1591 is divided by 238?
163
Calculate the remainder when 7755 is divided by 7654.
101
Calculate the remainder when 371241 is divided by 275.
266
Calculate the remainder when 75112 is divided by 109.
11
Calculate the remainder when 97698 is divided by 11.
7
Calculate the remainder when 109419 is divided by 58.
31
What is the remainder when 3336 is divided by 1665?
6
Calculate the remainder when 4147 is divided by 2047.
53
What is the remainder when 911 is divided by 422?
67
Calculate the remainder when 5747 is divided by 5730.
17
What is the remainder when 1654 is divided by 578?
498
What is the remainder when 74220 is divided by 59?
57
Calculate the remainder when 6459 is divided by 101.
96
What is the remainder when 80053 is divided by 90?
43
What is the remainder when 162362 is divided by 1437?
1418
Calculate the remainder when 1019421 is divided by 14.
11
Calculate the remainder when 3859 is divided by 189.
79
What is the remainder when 816 is divided by 787?
29
Calculate the remainder when 16082 is divided by 2676.
26
Calculate the remainder when 1453 is divided by 111.
10
Calculate the remainder when 4901 is divided by 444.
17
Calculate the remainder when 47 is divided by 40.
7
Calculate the remainder when 46083 is divided by 2098.
2025
Calculate the remainder when 40685 is divided by 13.
8
What is the remainder when 10985 is divided by 89?
38
What is the remainder when 2993 is divided by 15?
8
What is the remainder when 18455 is divided by 8?
7
What is the remainder when 4674 is divided by 21?
12
Calculate the remainder when 20722 is divided by 21.
16
What is the remainder when 15877 is divided by 6?
1
What is the remainder when 3875 is divided by 3842?
33
What is the remainder when 1727 is divided by 18?
17
Calculate the remainder when 1307 is divided by 429.
20
Calculate the remainder when 1537 is divided by 15.
7
What is the remainder when 13077 is divided by 725?
27
What is the remainder when 871880 is divided by 179?
150
Calculate the remainder when 11976 is divided by 36.
24
Calculate the remainder when 980593 is divided by 23.
11
What is the remainder when 804422 is divided by 23?
20
Calculate the remainder when 476329 is divided by 158770.
19
What 